{"id":1538,"date":"2020-09-24T14:05:10","date_gmt":"2020-09-24T12:05:10","guid":{"rendered":"https:\/\/100pour1enbocage.com\/?page_id=1538"},"modified":"2020-09-24T16:40:13","modified_gmt":"2020-09-24T14:40:13","slug":"la-sci-solidarite","status":"publish","type":"page","link":"https:\/\/100pour1enbocage.com\/index.php\/la-sci-solidarite\/","title":{"rendered":"La SCI solidarit\u00e9"},"content":{"rendered":"\n<p>La fondation d\u2019une SCI militante pour soutenir 100 pour 1 en bocage :<br>Lorsque l\u2019association est en capacit\u00e9 financi\u00e8re de prendre en charge l\u2019h\u00e9bergement d\u2019une nouvelle famille, d\u2019autres difficult\u00e9s se posent aux b\u00e9n\u00e9voles : il faut trouver un logement au loyer abordable (autour de 300\u20ac) et dont le ou la propri\u00e9taire accepte de signer un contrat avec l\u2019association.<\/p>\n\n\n\n<p>Il nous arrive en effet d\u2019essuyer des refus motiv\u00e9s par des pr\u00e9jug\u00e9s x\u00e9nophobes.<br>Depuis 2019, \u00e0 c\u00f4t\u00e9 des mairies qui soutiennent parfois notre action en nous proposant des loyers modiques, des sympathisants de 100 pour 1 en bocage ont fond\u00e9 une soci\u00e9t\u00e9 civile immobili\u00e8re (SCI). <\/p>\n\n\n\n<p>La SCI, nomm\u00e9e Solidarit\u00e9 en bocage bressuirais, s\u2019est donn\u00e9 pour r\u00f4le d\u2019acheter des logements destin\u00e9s, entre autres, \u00e0 \u00eatre lou\u00e9s \u00e0 100 pour 1 avec des loyers abordables. Un premier appartement a \u00e9t\u00e9 acquis \u00e0<br>Bressuire en novembre 2019.<\/p>\n\n\n\n<p>pour en savoir plus : sci.solidarite.en.bocage@gmail.com<\/p>\n\n\n\n<figure class=\"wp-block-image size-large\"><img loading=\"lazy\" decoding=\"async\" width=\"459\" height=\"346\" src=\"https:\/\/100pour1enbocage.com\/wp-content\/uploads\/2020\/09\/Capture.jpg\" alt=\"\" class=\"wp-image-1551 img-responsive\" srcset=\"https:\/\/100pour1enbocage.com\/wp-content\/uploads\/2020\/09\/Capture.jpg 459w, https:\/\/100pour1enbocage.com\/wp-content\/uploads\/2020\/09\/Capture-300x226.jpg 300w\" sizes=\"auto, (max-width: 459px) 100vw, 459px\" \/><\/figure>\n","protected":false},"excerpt":{"rendered":"<p>La fondation d\u2019une SCI militante pour soutenir 100 pour 1 en bocage :Lorsque l\u2019association est en capacit\u00e9 financi\u00e8re de prendre en charge l\u2019h\u00e9bergement d\u2019une nouvelle famille, d\u2019autres difficult\u00e9s se posent aux b\u00e9n\u00e9voles : il faut trouver un logement au loyer abordable (autour de 300\u20ac) et dont le ou la propri\u00e9taire accepte de signer un contrat &#8230; <a href=\"https:\/\/100pour1enbocage.com\/index.php\/la-sci-solidarite\/\" class=\"more-link text-uppercase small\"><strong>Continue Reading<\/strong> <i class=\"fa fa-angle-double-right\" aria-hidden=\"true\"><\/i><\/a><\/p>\n","protected":false},"author":1,"featured_media":0,"parent":0,"menu_order":0,"comment_status":"closed","ping_status":"closed","template":"","meta":{"footnotes":""},"class_list":["post-1538","page","type-page","status-publish","hentry"],"_links":{"self":[{"href":"https:\/\/100pour1enbocage.com\/index.php\/wp-json\/wp\/v2\/pages\/1538","targetHints":{"allow":["GET"]}}],"collection":[{"href":"https:\/\/100pour1enbocage.com\/index.php\/wp-json\/wp\/v2\/pages"}],"about":[{"href":"https:\/\/100pour1enbocage.com\/index.php\/wp-json\/wp\/v2\/types\/page"}],"author":[{"embeddable":true,"href":"https:\/\/100pour1enbocage.com\/index.php\/wp-json\/wp\/v2\/users\/1"}],"replies":[{"embeddable":true,"href":"https:\/\/100pour1enbocage.com\/index.php\/wp-json\/wp\/v2\/comments?post=1538"}],"version-history":[{"count":2,"href":"https:\/\/100pour1enbocage.com\/index.php\/wp-json\/wp\/v2\/pages\/1538\/revisions"}],"predecessor-version":[{"id":1552,"href":"https:\/\/100pour1enbocage.com\/index.php\/wp-json\/wp\/v2\/pages\/1538\/revisions\/1552"}],"wp:attachment":[{"href":"https:\/\/100pour1enbocage.com\/index.php\/wp-json\/wp\/v2\/media?parent=1538"}],"curies":[{"name":"wp","href":"https:\/\/api.w.org\/{rel}","templated":true}]}}